alculate the remainder when (-956)/(-28) - p - 4/28 is divided by (1 - 2)*1 + 12.
10
Let p = 70 + 103. What is the remainder when p is divided by 16?
13
Let x = -105 - -64. Calculate the remainder when 28 is divided by 1/(-3)*-4 - x/3.
13
What is the remainder when 349 is divided by (40 + -38)/((-1)/(-22))?
41
Let p = -5 - -5. Suppose -5*j + p*f + 425 = -2*f, 3*f = j - 72. Suppose 4*z = -m - 4*m + j, -2*m - z = -33. What is the remainder when 73 is divided by m?
13
Let y(c) = c**2 + 11*c + 5. Let x be y(-11). Suppose 0 = 2*d + 3*p - 86, -108 = x*d - p - 323. What is the remainder when d is divided by (2 - 3)*30/(-2)?
13
Suppose -2*f - 5*r + 4*r = -24, 0 = 3*f + r - 34. Calculate the remainder when f is divided by 5.
0
Let u be ((-3)/(-6))/((-5)/(-920)). Suppose 5*d - 4*d = u. Calculate the remainder when d is divided by 16.
12
Let v(x) = 18*x**3 - 3*x**2 - 3*x + 5. What is the remainder when 39 is divided by v(1)?
5
Suppose 11 = c + o, 3*c = 3*o + 2*o + 73. Calculate the remainder when 111 is divided by c.
15
Let u(m) = -3*m + 6. Suppose 3*t = -5*d + 13, 8 = 2*d + 2*d. Calculate the remainder when u(-6) is divided by t*13*(-2 + 3).
11
Suppose 84 = 22*r - 4. What is the remainder when 162 is divided by r?
2
Suppose -3*t + 3*j + 78 = -48, 3*t - j - 120 = 0. Calculate the remainder when t is divided by 20.
19
Let m = 75 - 26. Let h(w) = w + 131. Let a be h(0). Suppose -5*n - 41 = -a. What is the remainder when m is divided by n?
13
Let g(s) = -16*s + 6. Let c be g(-1). Let q = 31 - c. Calculate the remainder when q is divided by 5.
4
Suppose -v + 3*w + 17 = 0, 3*w = -5*v + 4*w + 15. Suppose v = d - 19. What is the remainder when (0 - -62) + 4/(-4) is divided by d?
19
Suppose 2256 = 17*b - b. Calculate the remainder when b is divided by 48.
45
Suppose -3*r + r + 75 = 5*q, 0 = 4*r. What is the remainder when 118 is divided by -60*((-51)/q + 3)?
22
Suppose -z = -2*z. Let n(x) = x**2 - x + 4. Calculate the remainder when (-12)/(-42) - 75/(-7) is divided by n(z).
3
Let a(b) = 2*b - 20. Let c be a(10). Suppose 3*v + c*v + 11 = l, -v = -l + 9. Calculate the remainder when 62 is divided by l.
6
Let r(w) = 133*w**3 + 14*w**2 - 12*w - 1. What is the remainder when r(1) is divided by 38?
20
Suppose 4*s + 2*b - 114 = 0, 0*b + b - 83 = -3*s. Suppose s = -92*a + 93*a. Suppose 5*i - 18 = 3*i. What is the remainder when a is divided by i?
8
Let o(m) = m**2 - m - 17. Suppose -1 = -f + 3*c - 5, 3*f = -2*c + 32. Calculate the remainder when o(f) is divided by 14.
11
Suppose -2*g + 50 = -8. Let v(p) = 19*p + 8 - 9*p**2 + 2 + 17*p**2. What is the remainder when v(-5) is divided by g?
28
Suppose -49 = -5*y + 4*w + 80, -w + 149 = 5*y. What is the remainder when 111 is divided by y?
24
Suppose 4*s - 4*y = 160, -2*y - 20 + 12 = 0. What is the remainder when 149 is divided by s?
5
Let d = -631 + 664. What is the remainder when d is divided by 7?
5
Suppose -45*p + 6667 = 14*p. Calculate the remainder when p is divided by 95.
18
Suppose -q - 4*l + 22 = 0, 2*q - 98 + 44 = -3*l. Calculate the remainder when 83 is divided by q.
23
Let c = 52 + -30. Suppose -2*u - p = 4*p - 41, -2*u - p + 37 = 0. Let l = 30 - u. What is the remainder when c is divided by l?
10
Suppose -2*a - z + 36 = -3*z, -z = 4. Suppose d = a + 11. What is the remainder when 96 is divided by d?
21
Suppose m - 11 + 6 = 0. Suppose -4*t - j = 9 - 60, t - 16 = 3*j. Calculate the remainder when t is divided by m.
3
Let t(i) = 13*i + 2*i - 1 + 0. Suppose 5*z = 4*g + 215, 0*g = 5*g + 25. What is the remainder when z is divided by t(1)?
11
Suppose 8*i - 3711 + 63 = 0. What is the remainder when i is divided by 66?
60
Suppose -883 = -22*j + 28795. Calculate the remainder when j is divided by 104.
101
Calculate the remainder when (-1)/8 + 4/32 - -2 is divided by 1.
0
Let d(x) = 7*x + 2. Suppose -3*q + 55 = -5*n - 29, -3*n = 2*q - 37. Let s = -10 + q. Calculate the remainder when d(3) is divided by s.
10
Let r(w) = w**3 + 2*w**2 - 3*w - 3. Let a be r(-3). Calculate the remainder when 102 is divided by 2/(-6)*a + 25.
24
Suppose 16 = -0*n - 4*n, 0 = -5*i - 2*n + 127. Suppose -71 = -2*a + i. Calculate the remainder when a is divided by 26.
23
Suppose 4*w + 4*u - 304 = 0, -u = -3*u + 8. Suppose 3*m = 3*o - w, 0*o + 2*o + 5*m = 13. What is the remainder when 37 is divided by o?
18
Let m = -333 + 376. What is the remainder when 139 is divided by m?
10
Let m = 106 + -50. Suppose 3*a + m = 4*l + 7*a, -2*l + 2*a = -32. What is the remainder when 71 is divided by l?
11
Suppose -3*t - 5 = -2. Let x be t/(-3) + 1090/6. Suppose 8 = -6*g + x. Calculate the remainder when g is divided by 8.
5
Let w = 1202 + -168. What is the remainder when w is divided by 69?
68
What is the remainder when 75 is divided by ((540/16)/(-5))/(4/(-16))?
21
Let z = -21 + 25. Suppose 360 = z*d - 0*d. What is the remainder when d is divided by 31?
28
Suppose -5*s + 4*t + 95 = -t, -4*t = 4. Let b = s + 4. What is the remainder when b is divided by 5?
2
Calculate the remainder when 257/(((-33)/22)/(6/(-4))) is divided by 79.
20
Let p(i) = 4*i**2 + 2*i + 57. What is the remainder when p(0) is divided by 25?
7
Let s be (-36)/18 - (-5 - -1). Suppose s*f = -2*o + 54, 4*o = -0*f + f + 123. Calculate the remainder when 55 is divided by 18/o - 184/(-10).
17
Suppose -3*n + 327 - 16 = -4*y, 4*n + 4*y = 424. Let q = 136 - n. What is the remainder when 121 is divided by q?
28
Let c = 182 - 137. Suppose -38*o - 42 = -c*o. What is the remainder when 18 is divided by o?
0
Let o = -7 - -70. Let v = 7 + 8. Suppose v = z - k, 2*z + z - 50 = -2*k. Calculate the remainder when o is divided by z.
15
Suppose k - 2*h + 10 = 27, h - 17 = -k. Let u = -1344 + 1394. What is the remainder when u is divided by k?
16
Let b(n) = n**3 + 12*n**2 + 45*n + 61. Suppose -4*m - 6*x + 1 = -x, 0 = 5*m - 2*x + 7. What is the remainder when b(-6) is divided by (4/(-5))/(m/5)?
3
Let p = 2 - 0. Suppose 0 = p*z - 65 + 7. Calculate the remainder when 113 is divided by z.
26
Let t(z) = 29*z + 357. Suppose 2*l = -v + l + 12, -3*v + 61 = -2*l. What is the remainder when t(-10) is divided by v?
16
Let d = -95 - -102. What is the remainder when 40 is divided by d?
5
Suppose -2*d - 14 = 3*u - 125, 3*u + 267 = 4*d. What is the remainder when 246 is divided by d?
57
Let u(j) be the third derivative of j**4/3 - j**3 - 3*j**2. What is the remainder when (1 - -1)*(24 + 1) is divided by u(4)?
24
Let d(c) = -c**3 - 8*c**2 - c. Let i be d(-8). Let q(z) = z**2 + 1. Calculate the remainder when 133/2 + (-12)/i is divided by q(4).
14
Let z(o) = -o + 34. Let a be z(0). Suppose 3*b = 41 + a. Let q(n) = -6*n - 107. What is the remainder when b is divided by q(-19)?
4
Suppose 8 = -2*r + 6*r + 4*u, 2*r + 4*u = 2. Suppose -5*s = 3*y - 158, -r*y - s - 7 = -161. Calculate the remainder when y is divided by 18.
15
Suppose y + 4*y + 5*a = 25, -2*y = -2*a + 6. Calculate the remainder when ((5/y)/1)/1 is divided by 4/(-3) - 60/(-18).
1
Let k(a) = 10*a - 39. Calculate the remainder when 309 is divided by k(12).
66
Let b = -4 + 3. Let m = 6 - b. Let z = 9 - 5. What is the remainder when m is divided by z?
3
Let o(m) be the third derivative of 3*m**4/8 + 7*m**3/6 - 6*m**2. What is the remainder when o(6) is divided by 16?
13
Suppose -2*j = 3*p - p - 44, 4*p = -j + 103. Suppose -f = 4 - p. Calculate the remainder when 90 is divided by f.
21
Suppose -s = -3*f + 104, -4*f + 109 = -f - 2*s. What is the remainder when 202 is divided by f?
4
Let d(l) = -2*l**3 - 25*l**2 - 15*l - 30. Suppose -q + 3*q + v - 20 = 0, -3*q = 3*v - 30. Calculate the remainder when q is divided by d(-12).
4
Let o(f) = -f**2 + 12*f. Let a(i) = i**2 - 12*i + 1. Let g(u) = -3*a(u) - 2*o(u). Calculate the remainder when g(8) is divided by (-6 - 1 - -4)*(-64)/24.
5
Suppose -6 = -5*w + f, -3*w + 6*f - 14 = f. Suppose -v + 6*v = w*d + 7, -15 = -5*v. Suppose r - 2 = d. Calculate the remainder when 22 is divided by r.
4
Suppose 204*r = 203*r + 13. Calculate the remainder when 246 is divided by r.
12
Suppose 1144*u - 1142*u = 266. What is the remainder when u is divided by 48?
37
Let q(x) = -x**2 + 15*x - 22. Calculate the remainder when 153 is divided by q(11).
21
Let m = -63 - -67. Suppose 7*t - 233 = -2*j + 10*t, 3*j - m*t - 347 = 0. Calculate the remainder when j is 